{"id":9534,"date":"2016-08-28T08:18:50","date_gmt":"2016-08-28T08:18:50","guid":{"rendered":"http:\/\/194.126.200.62\/~bakronat\/?page_id=9534&#038;lang=fr"},"modified":"2022-05-18T14:44:25","modified_gmt":"2022-05-18T14:44:25","slug":"mesure-de-particules","status":"publish","type":"page","link":"https:\/\/bakrona.ch\/fr\/mesure-de-particules","title":{"rendered":"MESURE DE PARTICULES"},"content":{"rendered":"<div id=\"cs-content\" class=\"cs-content\"><\/div>\n","protected":false},"excerpt":{"rendered":"<p>COMPTAGE DE PARTICULESCompteurs de particules, \u00e9chantillonneur d\u2019air microbien et syst\u00e8mes de surveillance des particules pour le contr\u00f4le de la contamination dans les environnements propres tels que les salles blanches, les flux laminaires et les isolateurs. Les compteurs de particules d&rsquo;a\u00e9rosols sont utilis\u00e9s pour tester et classer une salle blanche afin de s&rsquo;assurer que ses performances correspondent \u00e0 une classe de &#8230; <\/p>\n<div><a href=\"https:\/\/bakrona.ch\/fr\/mesure-de-particules\" class=\"more-link\">Read More<\/a><\/div>\n","protected":false},"author":1,"featured_media":0,"parent":0,"menu_order":0,"comment_status":"closed","ping_status":"closed","template":"template-blank-4.php","meta":{"footnotes":""},"class_list":["post-9534","page","type-page","status-publish","hentry","no-post-thumbnail"],"yoast_head":"<!-- This site is optimized with the Yoast SEO plugin v25.8 - https:\/\/yoast.com\/wordpress\/plugins\/seo\/ -->\n<title>MESURE DE PARTICULES &amp; pr\u00e9leveur d\u2019air pour contr\u00f4le microbiologique<\/title>\n<meta name=\"robots\" content=\"index, follow, max-snippet:-1, max-image-preview:large, max-video-preview:-1\" \/>\n<link rel=\"canonical\" href=\"https:\/\/bakrona.ch\/fr\/mesure-de-particules\" \/>\n<meta property=\"og:locale\" content=\"fr_FR\" \/>\n<meta property=\"og:type\" content=\"article\" \/>\n<meta property=\"og:title\" content=\"MESURE DE PARTICULES &amp; pr\u00e9leveur d\u2019air pour contr\u00f4le microbiologique\" \/>\n<meta property=\"og:description\" content=\"COMPTAGE DE PARTICULESCompteurs de particules, \u00e9chantillonneur d\u2019air microbien et syst\u00e8mes de surveillance des particules pour le contr\u00f4le de la contamination dans les environnements propres tels que les salles blanches, les flux laminaires et les isolateurs. Les compteurs de particules d&#039;a\u00e9rosols sont utilis\u00e9s pour tester et classer une salle blanche afin de s&#039;assurer que ses performances correspondent \u00e0 une classe de ... Read More\" \/>\n<meta property=\"og:url\" content=\"https:\/\/bakrona.ch\/fr\/mesure-de-particules\" \/>\n<meta property=\"og:site_name\" content=\"BAKRONA AG\" \/>\n<meta property=\"article:modified_time\" content=\"2022-05-18T14:44:25+00:00\" \/>\n<meta name=\"twitter:card\" content=\"summary_large_image\" \/>\n<meta name=\"twitter:label1\" content=\"Dur\u00e9e de lecture estim\u00e9e\" \/>\n\t<meta name=\"twitter:data1\" content=\"6 minutes\" \/>\n<script type=\"application\/ld+json\" class=\"yoast-schema-graph\">{\"@context\":\"https:\/\/schema.org\",\"@graph\":[{\"@type\":\"WebPage\",\"@id\":\"https:\/\/bakrona.ch\/fr\/mesure-de-particules\",\"url\":\"https:\/\/bakrona.ch\/fr\/mesure-de-particules\",\"name\":\"MESURE DE PARTICULES & pr\u00e9leveur d\u2019air pour contr\u00f4le microbiologique\",\"isPartOf\":{\"@id\":\"https:\/\/bakrona.ch\/#website\"},\"datePublished\":\"2016-08-28T08:18:50+00:00\",\"dateModified\":\"2022-05-18T14:44:25+00:00\",\"breadcrumb\":{\"@id\":\"https:\/\/bakrona.ch\/fr\/mesure-de-particules#breadcrumb\"},\"inLanguage\":\"fr-FR\",\"potentialAction\":[{\"@type\":\"ReadAction\",\"target\":[\"https:\/\/bakrona.ch\/fr\/mesure-de-particules\"]}]},{\"@type\":\"BreadcrumbList\",\"@id\":\"https:\/\/bakrona.ch\/fr\/mesure-de-particules#breadcrumb\",\"itemListElement\":[{\"@type\":\"ListItem\",\"position\":1,\"name\":\"Home\",\"item\":\"https:\/\/bakrona.ch\/fr\"},{\"@type\":\"ListItem\",\"position\":2,\"name\":\"MESURE DE PARTICULES\"}]},{\"@type\":\"WebSite\",\"@id\":\"https:\/\/bakrona.ch\/#website\",\"url\":\"https:\/\/bakrona.ch\/\",\"name\":\"Bakrona Messtechnik und Engineering\",\"description\":\"Bakrona Messtechnik &amp; Engineering\",\"publisher\":{\"@id\":\"https:\/\/bakrona.ch\/#organization\"},\"potentialAction\":[{\"@type\":\"SearchAction\",\"target\":{\"@type\":\"EntryPoint\",\"urlTemplate\":\"https:\/\/bakrona.ch\/?s={search_term_string}\"},\"query-input\":{\"@type\":\"PropertyValueSpecification\",\"valueRequired\":true,\"valueName\":\"search_term_string\"}}],\"inLanguage\":\"fr-FR\"},{\"@type\":\"Organization\",\"@id\":\"https:\/\/bakrona.ch\/#organization\",\"name\":\"Bakrona AG\",\"url\":\"https:\/\/bakrona.ch\/\",\"logo\":{\"@type\":\"ImageObject\",\"inLanguage\":\"fr-FR\",\"@id\":\"https:\/\/bakrona.ch\/#\/schema\/logo\/image\/\",\"url\":\"https:\/\/bakrona.ch\/wp-content\/uploads\/2016\/09\/logo-02.png\",\"contentUrl\":\"https:\/\/bakrona.ch\/wp-content\/uploads\/2016\/09\/logo-02.png\",\"width\":2769,\"height\":762,\"caption\":\"Bakrona AG\"},\"image\":{\"@id\":\"https:\/\/bakrona.ch\/#\/schema\/logo\/image\/\"}}]}<\/script>\n<!-- \/ Yoast SEO plugin. -->","yoast_head_json":{"title":"MESURE DE PARTICULES & pr\u00e9leveur d\u2019air pour contr\u00f4le microbiologique","robots":{"index":"index","follow":"follow","max-snippet":"max-snippet:-1","max-image-preview":"max-image-preview:large","max-video-preview":"max-video-preview:-1"},"canonical":"https:\/\/bakrona.ch\/fr\/mesure-de-particules","og_locale":"fr_FR","og_type":"article","og_title":"MESURE DE PARTICULES & pr\u00e9leveur d\u2019air pour contr\u00f4le microbiologique","og_description":"COMPTAGE DE PARTICULESCompteurs de particules, \u00e9chantillonneur d\u2019air microbien et syst\u00e8mes de surveillance des particules pour le contr\u00f4le de la contamination dans les environnements propres tels que les salles blanches, les flux laminaires et les isolateurs. Les compteurs de particules d'a\u00e9rosols sont utilis\u00e9s pour tester et classer une salle blanche afin de s'assurer que ses performances correspondent \u00e0 une classe de ... Read More","og_url":"https:\/\/bakrona.ch\/fr\/mesure-de-particules","og_site_name":"BAKRONA AG","article_modified_time":"2022-05-18T14:44:25+00:00","twitter_card":"summary_large_image","twitter_misc":{"Dur\u00e9e de lecture estim\u00e9e":"6 minutes"},"schema":{"@context":"https:\/\/schema.org","@graph":[{"@type":"WebPage","@id":"https:\/\/bakrona.ch\/fr\/mesure-de-particules","url":"https:\/\/bakrona.ch\/fr\/mesure-de-particules","name":"MESURE DE PARTICULES & pr\u00e9leveur d\u2019air pour contr\u00f4le microbiologique","isPartOf":{"@id":"https:\/\/bakrona.ch\/#website"},"datePublished":"2016-08-28T08:18:50+00:00","dateModified":"2022-05-18T14:44:25+00:00","breadcrumb":{"@id":"https:\/\/bakrona.ch\/fr\/mesure-de-particules#breadcrumb"},"inLanguage":"fr-FR","potentialAction":[{"@type":"ReadAction","target":["https:\/\/bakrona.ch\/fr\/mesure-de-particules"]}]},{"@type":"BreadcrumbList","@id":"https:\/\/bakrona.ch\/fr\/mesure-de-particules#breadcrumb","itemListElement":[{"@type":"ListItem","position":1,"name":"Home","item":"https:\/\/bakrona.ch\/fr"},{"@type":"ListItem","position":2,"name":"MESURE DE PARTICULES"}]},{"@type":"WebSite","@id":"https:\/\/bakrona.ch\/#website","url":"https:\/\/bakrona.ch\/","name":"Bakrona Messtechnik und Engineering","description":"Bakrona Messtechnik &amp; Engineering","publisher":{"@id":"https:\/\/bakrona.ch\/#organization"},"potentialAction":[{"@type":"SearchAction","target":{"@type":"EntryPoint","urlTemplate":"https:\/\/bakrona.ch\/?s={search_term_string}"},"query-input":{"@type":"PropertyValueSpecification","valueRequired":true,"valueName":"search_term_string"}}],"inLanguage":"fr-FR"},{"@type":"Organization","@id":"https:\/\/bakrona.ch\/#organization","name":"Bakrona AG","url":"https:\/\/bakrona.ch\/","logo":{"@type":"ImageObject","inLanguage":"fr-FR","@id":"https:\/\/bakrona.ch\/#\/schema\/logo\/image\/","url":"https:\/\/bakrona.ch\/wp-content\/uploads\/2016\/09\/logo-02.png","contentUrl":"https:\/\/bakrona.ch\/wp-content\/uploads\/2016\/09\/logo-02.png","width":2769,"height":762,"caption":"Bakrona AG"},"image":{"@id":"https:\/\/bakrona.ch\/#\/schema\/logo\/image\/"}}]}},"_links":{"self":[{"href":"https:\/\/bakrona.ch\/fr\/wp-json\/wp\/v2\/pages\/9534","targetHints":{"allow":["GET"]}}],"collection":[{"href":"https:\/\/bakrona.ch\/fr\/wp-json\/wp\/v2\/pages"}],"about":[{"href":"https:\/\/bakrona.ch\/fr\/wp-json\/wp\/v2\/types\/page"}],"author":[{"embeddable":true,"href":"https:\/\/bakrona.ch\/fr\/wp-json\/wp\/v2\/users\/1"}],"replies":[{"embeddable":true,"href":"https:\/\/bakrona.ch\/fr\/wp-json\/wp\/v2\/comments?post=9534"}],"version-history":[{"count":49,"href":"https:\/\/bakrona.ch\/fr\/wp-json\/wp\/v2\/pages\/9534\/revisions"}],"predecessor-version":[{"id":17815,"href":"https:\/\/bakrona.ch\/fr\/wp-json\/wp\/v2\/pages\/9534\/revisions\/17815"}],"wp:attachment":[{"href":"https:\/\/bakrona.ch\/fr\/wp-json\/wp\/v2\/media?parent=9534"}],"curies":[{"name":"wp","href":"https:\/\/api.w.org\/{rel}","templated":true}]}}

<p>COMPTAGE DE PARTICULESCompteurs de particules, échantillonneur d’air microbien et systèmes de surveillance des particules pour le contrôle de la contamination dans les environnements propres tels que les salles blanches, les flux laminaires et les isolateurs. Les compteurs de particules d&rsquo;aérosols sont utilisés pour tester et classer une salle blanche afin de s&rsquo;assurer que ses performances correspondent à une classe de &#8230; </p>
<div><a href="https://bakrona.ch/fr/mesure-de-particules" class="more-link">Read More</a></div>

<!-- This site is optimized with the Yoast SEO plugin v25.8 - https://yoast.com/wordpress/plugins/seo/ -->
<title>MESURE DE PARTICULES &amp; préleveur d’air pour contrôle microbiologique</title>
<meta name="robots" content="index, follow, max-snippet:-1, max-image-preview:large, max-video-preview:-1" />
<link rel="canonical" href="https://bakrona.ch/fr/mesure-de-particules" />
<meta property="og:locale" content="fr_FR" />
<meta property="og:type" content="article" />
<meta property="og:title" content="MESURE DE PARTICULES &amp; préleveur d’air pour contrôle microbiologique" />
<meta property="og:description" content="COMPTAGE DE PARTICULESCompteurs de particules, échantillonneur d’air microbien et systèmes de surveillance des particules pour le contrôle de la contamination dans les environnements propres tels que les salles blanches, les flux laminaires et les isolateurs. Les compteurs de particules d&#039;aérosols sont utilisés pour tester et classer une salle blanche afin de s&#039;assurer que ses performances correspondent à une classe de ... Read More" />
<meta property="og:url" content="https://bakrona.ch/fr/mesure-de-particules" />
<meta property="og:site_name" content="BAKRONA AG" />
<meta property="article:modified_time" content="2022-05-18T14:44:25+00:00" />
<meta name="twitter:card" content="summary_large_image" />
<meta name="twitter:label1" content="Durée de lecture estimée" />
	<meta name="twitter:data1" content="6 minutes" />
<script type="application/ld+json" class="yoast-schema-graph">{"@context":"https://schema.org","@graph":[{"@type":"WebPage","@id":"https://bakrona.ch/fr/mesure-de-particules","url":"https://bakrona.ch/fr/mesure-de-particules","name":"MESURE DE PARTICULES & préleveur d’air pour contrôle microbiologique","isPartOf":{"@id":"https://bakrona.ch/#website"},"datePublished":"2016-08-28T08:18:50+00:00","dateModified":"2022-05-18T14:44:25+00:00","breadcrumb":{"@id":"https://bakrona.ch/fr/mesure-de-particules#breadcrumb"},"inLanguage":"fr-FR","potentialAction":[{"@type":"ReadAction","target":["https://bakrona.ch/fr/mesure-de-particules"]}]},{"@type":"BreadcrumbList","@id":"https://bakrona.ch/fr/mesure-de-particules#breadcrumb","itemListElement":[{"@type":"ListItem","position":1,"name":"Home","item":"https://bakrona.ch/fr"},{"@type":"ListItem","position":2,"name":"MESURE DE PARTICULES"}]},{"@type":"WebSite","@id":"https://bakrona.ch/#website","url":"https://bakrona.ch/","name":"Bakrona Messtechnik und Engineering","description":"Bakrona Messtechnik &amp; Engineering","publisher":{"@id":"https://bakrona.ch/#organization"},"potentialAction":[{"@type":"SearchAction","target":{"@type":"EntryPoint","urlTemplate":"https://bakrona.ch/?s={search_term_string}"},"query-input":{"@type":"PropertyValueSpecification","valueRequired":true,"valueName":"search_term_string"}}],"inLanguage":"fr-FR"},{"@type":"Organization","@id":"https://bakrona.ch/#organization","name":"Bakrona AG","url":"https://bakrona.ch/","logo":{"@type":"ImageObject","inLanguage":"fr-FR","@id":"https://bakrona.ch/#/schema/logo/image/","url":"https://bakrona.ch/wp-content/uploads/2016/09/logo-02.png","contentUrl":"https://bakrona.ch/wp-content/uploads/2016/09/logo-02.png","width":2769,"height":762,"caption":"Bakrona AG"},"image":{"@id":"https://bakrona.ch/#/schema/logo/image/"}}]}</script>
<!-- / Yoast SEO plugin. -->

MESURE DE PARTICULES & préleveur d’air pour contrôle microbiologique

COMPTAGE DE PARTICULESCompteurs de particules, échantillonneur d’air microbien et systèmes de surveillance des particules pour le contrôle de la contamination dans les environnements propres tels que les salles blanches, les flux laminaires et les isolateurs. Les compteurs de particules d'aérosols sont utilisés pour tester et classer une salle blanche afin de s'assurer que ses performances correspondent à une classe de ... Read More
